 and f.
12
Suppose -96*p = -76*p - 3360. What is the greatest common divisor of 30 and p?
6
Let f be (-1295)/(-10)*60/35. Let m = 258 - f. What is the highest common divisor of 9 and m?
9
Let m be ((-210)/4)/((-10)/12*3/5). Calculate the greatest common factor of 987 and m.
21
Let r(k) = 75*k**2 + 2*k + 1. Let c be r(-1). Let g(o) = o**3 - 65*o**2 - 121*o - 353. Let i be g(67). Calculate the highest common factor of i and c.
74
Let m(g) = g + 5. Let p be m(-3). Suppose p*r + 11 + 17 = 0. Let o = r + 38. Calculate the highest common divisor of o and 60.
12
Let k = 9149 - 4485. What is the highest common divisor of k and 742?
106
Suppose 3*n = -538 - 299. Let k = n + 311. What is the greatest common factor of k and 480?
32
Let z = 24 - -66. Let k(p) = 3*p**2 - 2*p + p + 3 + p**2. Let s be k(3). What is the greatest common factor of s and z?
18
Suppose 48 = -3*o - 204. Let z be 6/(-14) + (-4)/(o/12609). Suppose 0 = -6*i - 2*i + z. What is the highest common factor of i and 30?
15
Suppose 9*o + 67 - 373 = 0. Suppose -8 = -4*f, -2*r - 20*f + o = -25*f. Calculate the greatest common divisor of r and 286.
22
Suppose 0 = 3*g - 4*d + 138, -4*d + 60 + 36 = -2*g. Suppose r - 107 = -2*k + 5*k, 0 = r - 2. Let y = k - g. Calculate the highest common factor of y and 77.
7
Suppose -19*u - 5*l + 11746 = -16*u, -4*u + 3*l + 15642 = 0. Calculate the highest common divisor of u and 24.
24
Suppose o = 5*l - 18, -9*o + 7*o - 6 = 0. What is the greatest common factor of l and 1?
1
Let s = -3528 - -3536. Let f = -7 + 8. Calculate the greatest common factor of s and f.
1
Let b be 0*((-49)/(-21) - 2) - -651. Calculate the highest common divisor of b and 63.
21
Let u(p) = -2*p**2 - 30*p - 41. Let f be u(-5). Suppose 324 = -53*o + f*o. What is the highest common divisor of 18 and o?
18
Let a(m) = 3*m**2 - 61*m + 86. Let l be a(21). What is the highest common divisor of 1 and l?
1
Let c(t) = t**3 - 9*t**2 - 22*t + 4. Let q be c(11). Suppose -q*a = -a - 90. What is the highest common divisor of a and 40?
10
Suppose m - 4*t - 2297 = 0, 24*m - 25*m - 5*t + 2279 = 0. What is the highest common factor of m and 21?
21
Let o(d) = 15*d + 694. Let v be o(-30). What is the highest common factor of v and 61?
61
Suppose 19935 = 36*q - 35865. What is the greatest common divisor of 200 and q?
50
Let d be 5032 + (-21)/(-3) - (-5 + (-2 - -11)). Calculate the highest common factor of d and 190.
95
Suppose 2*z - 3*t = 1545, 0 = 5*t + 48 - 53. What is the greatest common factor of 234 and z?
18
Suppose -62 + 252 = 4*i - 2*m, m - 1 = 0. What is the highest common divisor of 18 and i?
6
Let n = -2507 - -2582. Let o be 21 + (-2)/(-2) + -1. Suppose -o = 4*z - 81. Calculate the highest common divisor of n and z.
15
Suppose 0 = -s - 14*t + 15*t + 56, -4*t = 12. Suppose -q + 105 = -n, 4*q - 172 = n + 251. What is the greatest common divisor of q and s?
53
Let a = 463 - 431. Suppose 2*x + 14 - 530 = 0. Suppose -x = -5*r + 222. Calculate the highest common factor of a and r.
32
Let p(t) = t**3 - 2*t**2 - 4. Suppose 5 - 45 = -10*q. Let y be p(q). Calculate the greatest common factor of 364 and y.
28
Let p(q) = 3*q**2 + 17*q + 15. Let y be p(-6). Let r be (-1450)/(-14) - y/(-49). Calculate the greatest common divisor of 8 and r.
8
Let w be ((-11883 - -6) + 2)*(-5 - (-6 + 2)). What is the greatest common factor of 95 and w?
95
Let j be -1*7*(3 - 5). Let a(g) = g**3 - 14*g**2 + 5*g - 1. Let i be a(j). Let r = -47 + i. Calculate the highest common factor of r and 176.
22
Suppose -4*r - 16 = 0, 122 = k - 5*r + 73. Let s be (-1451)/(-2) + (-1)/2. Calculate the greatest common divisor of k and s.
29
Suppose 4 - 14 = -2*v. Let d(c) = -c**3 + 7*c**2 - 4*c + 5. Let o be d(v). Suppose -20*l - 286 - 71 = -71*l. What is the greatest common factor of l and o?
7
Suppose -3*p + 3*t = -72, 0 = -p + 29*t - 26*t + 12. Let f = -1 - 3. Let k(c) = 3*c**2 - 3. Let n be k(f). What is the highest common factor of p and n?
15
Suppose 0 = 4*f + 13*t - 8*t + 1816, -1844 = 4*f - 2*t. Let h be (1/3)/((-1)/f). What is the greatest common divisor of h and 34?
17
Suppose 6*g + 0*g - 7224 = -8*g. What is the highest common factor of 4300 and g?
172
Let x = 37118 - 37094. Let n = 83 + 45. What is the greatest common factor of x and n?
8
Suppose 4*r + 32 = 5*f, 13*r - 15*r + 6 = 3*f. Suppose 4*g - 24 = z, -7 = -f*z + 9. What is the greatest common divisor of g and 5?
1
Suppose -2*r = -u + 58, -296 = -4*u + 3*r - 89. Calculate the greatest common factor of 54 and u.
6
Let s(z) = 11*z + 5*z - 7*z - 4*z + 5. Let t be s(2). Suppose 3*c = -2*k + 23, -2*k - 5*c = -4*k + t. Calculate the highest common factor of 5 and k.
5
Let y be -41 + 5 + 6 + -3 + 3 + 2. Let h(t) = -t**3 - 6*t**2 - 2*t + 4. Let s be h(-3). Let o = s - y. What is the greatest common factor of 11 and o?
11
Let i be ((-6)/(-24) + 0)*0. Suppose i = 4*v - 5*y + 42 - 155, -4*y + 12 = 0. Calculate the highest common divisor of 736 and v.
32
Suppose 2*n = n + 195. Suppose -r + 3*k + 6 = 0, -13 = -3*r + 2*k + 2*k. Suppose r*p - 45 = n. Calculate the greatest common factor of p and 20.
20
Let f(p) = 66*p**2 - 32*p - 103. Let j be f(-4). What is the greatest common factor of j and 575?
23
Suppose -2*c + 126*o - 123*o + 41 = 0, 0 = o - 5. What is the greatest common divisor of 2170 and c?
14
Suppose 0 = -2*o + 3*v + 18, -2*o - 8*v + 10*v = -14. Suppose -2*w - k + 52 = -91, -4*w - o*k + 291 = 0. Calculate the greatest common divisor of 391 and w.
23
Let o(c) = -c**3 - 6*c**2 + 20*c + 21. Let v be o(-9). Suppose 0 = t + 5*r - 38, 4*t - 2*r - 140 = 122. What is the greatest common factor of v and t?
21
Suppose -4*u - 3*q + 265 = -106, 0 = -3*u - 3*q + 276. Suppose 4*j - 281 = u. Let b = j - 85. Calculate the highest common factor of b and 99.
9
Let j be 2 - (-863)/(-5) - (-84)/(-210). Let p = j + 206. Let v = -6 + 13. Calculate the highest common factor of v and p.
7
Suppose 2*v + v - 1425 = 0. Let z = -1091 - -1129. Calculate the highest common divisor of v and z.
19
Suppose 2*f - 7*f - 52 = -2*i, -5*f = i + 49. Let a(b) = 2*b**2. Let c be a(-2). Let s be (-5 - c)/(2/f). Calculate the highest common divisor of 13 and s.
13
Let p be 9*3/(-9)*-16. Suppose 3*s + 94 = -z + 813, 4*s - 965 = 5*z. Calculate the highest common factor of s and p.
48
Let l(o) = o**3 - 9*o**2 - 8*o - 12. Let s be l(10). Suppose 32 = 5*v - s. Let g be v - ((2 - 1) + -3). Calculate the highest common divisor of 30 and g.
10
Suppose 2*b = 4, 0 = 5*a + 4*b - 0*b - 728. Suppose y - 3*y = 4*l - 42, 0 = -4*l - 4*y + 48. What is the highest common divisor of a and l?
9
Let w be (5 - -7) + -1 + 3. Let i = 131 + -129. Suppose 2*o - 312 = i*p, 5*p = -5 - 5. Calculate the highest common divisor of o and w.
14
Suppose 508*j = 511*j - 327. What is the highest common factor of j and 2507?
109
Suppose 229 - 572 = t. Let f be ((-6)/21)/(7/t). Suppose 2*g + 4*b - 76 = 0, -155 = -5*g + 2*b - 5*b. What is the greatest common factor of g and f?
14
Suppose -34 = -4*b - 2. Suppose m + y = 4, -b*y = -5*m - 3*y + 10. Suppose 784 = -m*j + 19*j. Calculate the highest common factor of j and 49.
49
Suppose 14 = w - 4*s, -3*w + 42 = -0*s - s. Suppose c = -w + 134. Let t = -126 - -174. What is the greatest common factor of t and c?
24
Suppose -4*b + 2*y = -20, 545*b + 5 = 546*b + y. Suppose 119 = 2*q - 31. What is the greatest common divisor of q and b?
5
Suppose 3*k - 4*k + 5 = 0. Let g = -2703 - -2739. Suppose f + k*o - g = -0*f, -4*f + 78 = -2*o. Calculate the greatest common factor of f and 14.
7
Suppose 23*q = -21*q + 6*q + 38988. What is the highest common factor of q and 152?
38
Let t(v) = 2*v**2 + 12*v + 1. Let a be t(-6). Let n be (-17 + -67)/(a*-2). What is the greatest common divisor of n and 546?
42
Suppose 4*a = -4*q + 308, 0*q = 4*a + q - 314. Suppose 80*p - 71 = a*p. Calculate the greatest common factor of 781 and p.
71
Let m = 4802 - 3864. Suppose 8*l = 6*l + 28. Calculate the greatest common factor of m and l.
14
Suppose 4*q = 3*b + 6828, 8*b - 5*b + 3408 = 2*q. Let z be (4/(-6))/((-60)/q). Calculate the highest common divisor of 133 and z.
19
Let f be 0*(-1)/2 + 3. Suppose 4*a + f*l - l = 262, -2 = 2*l. Suppose -269 = -28*w - 101. What is the highest common divisor of a and w?
6
Let g(x) = 72*x**2 + 3*x - 10. Let p be g(2